{"id":12753,"date":"2020-06-25T17:09:50","date_gmt":"2020-06-25T15:09:50","guid":{"rendered":"http:\/\/ariapireneus.com\/?page_id=12753"},"modified":"2022-04-01T18:01:54","modified_gmt":"2022-04-01T16:01:54","slug":"direction-artistique-espagnol","status":"publish","type":"page","link":"http:\/\/ariapireneus.com\/index.php\/direction-artistique-espagnol\/","title":{"rendered":"\u00c9quipe artistique Espagnol"},"content":{"rendered":"<p>[vc_row css=\u00a0\u00bb.vc_custom_1522057118294{padding-top: 20px !important;padding-bottom: 30px !important;}\u00a0\u00bb][vc_column width=\u00a0\u00bb1\/2&Prime;][vc_single_image image=\u00a0\u00bb12426&Prime; img_size=\u00a0\u00bbfull\u00a0\u00bb][\/vc_column][vc_column width=\u00a0\u00bb1\/2&Prime;][vc_row_inner][vc_column_inner width=\u00a0\u00bb2\/3&Prime;]<div class=\"edgtf-title-section-holder\">\n\t\t\t<h3 class=\"edgtf-title-with-dots\" >\n\t\t\tMichel Fenasse-Amat, cantautor-compositor-int\u00e9rprete\t\t<\/h3>\n\t\t<span class=\"edge-title-separator edge-enable-separator\" ><\/span>\n\n\t<\/div>[vc_column_text]Nacido en Toulouse en 1969, estudi\u00f3 piano y canto en su ciudad natal.<\/p>\n<p>Bar\u00edtono, graduado del Conservatorio Regional de M\u00fasica de Burdeos, 3\u00b0 premio europeo de canto l\u00edrico (jurado presidido por la mezzosoprano Viorica Cortez), se perfeccion\u00f3 en la Fundaci\u00f3n Francisco Vi\u00f1as \u2013 Gran teatro del Liceu de Barcelona. En 2000 gan\u00f3 el tercer gran premio de musical \u00ab\u00a0SanRemo International Musical\u00a0\u00bb emitido en Tele Monte-Carlo.[\/vc_column_text][\/vc_column_inner][vc_column_inner width=\u00a0\u00bb1\/3&Prime;][vc_single_image image=\u00a0\u00bb12350&Prime; img_size=\u00a0\u00bb48&#215;48&Prime; alignment=\u00a0\u00bbcenter\u00a0\u00bb onclick=\u00a0\u00bbcustom_link\u00a0\u00bb link=\u00a0\u00bbhttp:\/\/ariapireneus.com\/index.php\/direction-artistique-catalan\/\u00a0\u00bb][vc_single_image image=\u00a0\u00bb12363&Prime; alignment=\u00a0\u00bbcenter\u00a0\u00bb onclick=\u00a0\u00bbcustom_link\u00a0\u00bb link=\u00a0\u00bbhttp:\/\/ariapireneus.com\/\u00a0\u00bb][vc_single_image image=\u00a0\u00bb12352&Prime; img_size=\u00a0\u00bb48&#215;48&Prime; alignment=\u00a0\u00bbcenter\u00a0\u00bb onclick=\u00a0\u00bbcustom_link\u00a0\u00bb link=\u00a0\u00bbhttp:\/\/ariapireneus.com\/index.php\/direction-artistique-anglais\/\u00a0\u00bb][vc_single_image image=\u00a0\u00bb12353&Prime; img_size=\u00a0\u00bb48&#215;48&Prime; alignment=\u00a0\u00bbcenter\u00a0\u00bb onclick=\u00a0\u00bbcustom_link\u00a0\u00bb link=\u00a0\u00bbhttp:\/\/ariapireneus.com\/index.php\/direction-artistique-occitan\/\u00a0\u00bb][vc_single_image image=\u00a0\u00bb12354&Prime; img_size=\u00a0\u00bb48&#215;48&Prime; alignment=\u00a0\u00bbcenter\u00a0\u00bb onclick=\u00a0\u00bbcustom_link\u00a0\u00bb link=\u00a0\u00bbhttp:\/\/ariapireneus.com\/index.php\/direction-artistique-basque\/\u00a0\u00bb][vc_single_image image=\u00a0\u00bb12355&Prime; img_size=\u00a0\u00bb48&#215;48&Prime; alignment=\u00a0\u00bbcenter\u00a0\u00bb onclick=\u00a0\u00bbcustom_link\u00a0\u00bb link=\u00a0\u00bbhttp:\/\/ariapireneus.com\/index.php\/direction-artistique-espagnol\/\u00a0\u00bb][\/vc_column_inner][\/vc_row_inner][\/vc_column][\/vc_row][vc_row][vc_column][vc_column_text]Le han acogido algunos de los m\u00e1s prestigiosos escenarios de la m\u00fasica y del arte l\u00edrico : Teatro Alfieri de Torino, Auditorio del Conservatorio del Gran Teatro del Liceu de Barcelona, festival Les Nuits Musicales de Niza, \u00d3pera de Montpellier, Halle aux Grains de Toulouse, Cit\u00e9 de la M\u00fasica y la Danza de Estrasburgo \u2026 Sus interpretaciones abarcan tanto el <em>F\u00edgaro de las Bodas de F\u00edgaro<\/em> como canciones de Poulenc, Ravel o Garc\u00eda Lorca. Es el fundador del\u00a0<em>Festival Musical et Litt\u00e9raire d\u2019Arnaga<\/em>\u00a0del cual es director art\u00edstico (en Villa Arnaga, la casa museo dedicada a Edmond Rostand ubidaca en Cambo-Les-Bains,\u00a0 Pa\u00eds Vasco franc\u00e9s).[\/vc_column_text][vc_empty_space][vc_zigzag][vc_empty_space][\/vc_column][\/vc_row][vc_row css=\u00a0\u00bb.vc_custom_1522057118294{padding-top: 20px !important;padding-bottom: 30px !important;}\u00a0\u00bb][vc_column width=\u00a0\u00bb1\/4&Prime;][vc_single_image image=\u00a0\u00bb12435&Prime; img_size=\u00a0\u00bbfull\u00a0\u00bb][\/vc_column][vc_column width=\u00a0\u00bb3\/4&Prime;][vc_row_inner][vc_column_inner]<div class=\"edgtf-title-section-holder\">\n\t\t\t<h3 class=\"edgtf-title-with-dots\" >\n\t\t\tPierre Csillag, arreglos y direcci\u00f3n musical\t\t<\/h3>\n\t\t<span class=\"edge-title-separator edge-enable-separator\" ><\/span>\n\n\t<\/div>[vc_column_text]Nacido en Budapest, estudi\u00f3 en el Conservatorio B\u00e9la Bart\u00f3k, piano , composici\u00f3n y direcci\u00f3n de orquesta de m\u00fasica, luego prosigui\u00f3 en el Conservatorio Nacional Superior de Par\u00eds.<\/p>\n<p>Conjuntamente estudi\u00f3 ingenier\u00eda y luego para doctor-ingeniero en el ENSEEIHT de Toulouse. Trabaj\u00f3 como profesor investigador en tres grandes escuelas de Toulouse hasta su jubilaci\u00f3n.<\/p>\n<p>A lo largo de su carrera como profesor e investigador, Pierre Csillag llev\u00f3 a cabo una actividad musical de alto nivel siendo director musical de la Orquesta de la Universidad de Toulouse durante 22 a\u00f1os, pianista en la Orquesta Nacional del Capitole en cuarenta conciertos, pianista acompa\u00f1ante en particular en Francia y Hungr\u00eda. Compositor, ha escrito obras para canto, coro, orquesta de cuerda, formaciones de c\u00e1mara &#8230; Algunas de sus obras han sido editadas en Hungr\u00eda y Estados Unidos.<\/p>\n<p>Pierre Csillag ha escrito los arreglos y orquestaciones de la \u00f3pera <em>Orfeo<\/em> (creada por Michel Fenasse-Amat con m\u00fasica de Vivaldi y otros compositores del siglo XVIII).[\/vc_column_text][\/vc_column_inner][\/vc_row_inner][\/vc_column][\/vc_row][vc_row css=\u00a0\u00bb.vc_custom_1522058260161{padding-bottom: 60px !important;}\u00a0\u00bb][vc_column][vc_empty_space][vc_zigzag][vc_empty_space][vc_row_inner][vc_column_inner width=\u00a0\u00bb1\/2&Prime;][vc_single_image image=\u00a0\u00bb12700&Prime; img_size=\u00a0\u00bbfull\u00a0\u00bb][vc_empty_space]<div class=\"edgtf-title-section-holder\">\n\t\t\t<h3 class=\"edgtf-title-with-dots\" >\n\t\t\tCoro Lagunak Abesbatza\t\t<\/h3>\n\t\t<span class=\"edge-title-separator edge-enable-separator\" ><\/span>\n\n\t<\/div>[vc_column_text]Federaci\u00f3n y formaci\u00f3n de coristas del Pa\u00eds Vasco y B\u00e9arn para ayudar a dar vida a la obra <em>Aria Piren\u00e8us<\/em>. Lagunak Abesbatza se form\u00f3 para la gira <em>Aria Piren\u00e8us<\/em> en el Pa\u00eds Vasco y el Castillo de Pau en agosto de 2018. Despu\u00e9s de participar (con coros de Espa\u00f1a y de la Regi\u00f3n de Occitania) en conciertos al Castillo de Loarre (Arag\u00f3n, Espa\u00f1a) luego en el Castillo Condal de la Cit\u00e9 de Carcassonne, Lagunak Abesbatza es actualmente el coro de conciertos y residencias art\u00edsticas <em>Aria Piren\u00e8us<\/em> ubicado en la provincia vasca de la Baja Navarra (Irissarry y Saint-Jean-Pied-de-Port).[\/vc_column_text][\/vc_column_inner][vc_column_inner width=\u00a0\u00bb1\/2&Prime;][vc_single_image image=\u00a0\u00bb12872&Prime; img_size=\u00a0\u00bbfull\u00a0\u00bb][vc_empty_space]<div class=\"edgtf-title-section-holder\">\n\t\t\t<h3 class=\"edgtf-title-with-dots\" >\n\t\t\tRamuntxo Luberriaga, solo tenor\t\t<\/h3>\n\t\t<span class=\"edge-title-separator edge-enable-separator\" ><\/span>\n\n\t<\/div>[vc_column_text]Originario de Ascain (Pa\u00eds Vasco) donde vive y trabaja como fontanero, Ramuntxo Luberriaga tiene una voz natural de tenor.<\/p>\n<p>Muy joven, animado por su pasi\u00f3n por el canto (compartida con la del rugby), practic\u00f3 el canto coral en particular en el coro Larrun Kanta d&rsquo;Ascain.<\/p>\n<p>Desde 2018 es solista en los conciertos de <em>Aria Piren\u00e8us<\/em>.[\/vc_column_text][\/vc_column_inner][\/vc_row_inner][vc_row_inner][vc_column_inner][vc_empty_space][vc_zigzag][vc_empty_space][\/vc_column_inner][\/vc_row_inner][vc_row_inner][vc_column_inner width=\u00a0\u00bb1\/2&Prime;][vc_single_image image=\u00a0\u00bb12874&Prime; img_size=\u00a0\u00bbfull\u00a0\u00bb][vc_empty_space]<div class=\"edgtf-title-section-holder\">\n\t\t\t<h3 class=\"edgtf-title-with-dots\" >\n\t\t\tXabi Cuende, direcci\u00f3n del coro y codirecci\u00f3n musical\t\t<\/h3>\n\t\t<span class=\"edge-title-separator edge-enable-separator\" ><\/span>\n\n\t<\/div>[vc_column_text]Nacido en Bayona, Fran\u00e7ois-Xavier \u00ab\u00a0Xabi\u00a0\u00bb Cuende trabaja principalmente en el campo de la gesti\u00f3n del agua y del medio ambiente acu\u00e1tico. Participa en la promoci\u00f3n del patrimonio y la cultura (Sociedad de Estudios Vascos, Sociedad de Ciencias, Letras y Artes de Bayona; Festival de Arnaga) y el deporte (Aviron Bayonnais).<\/p>\n<p>Formado en m\u00fasica en la Estudiantina Donibandarrak en Saint-Jean-de-Luz, luego en el conjunto vocal del Conservatorio de Bayona, donde adquiri\u00f3 experiencia ecl\u00e9ctica abarcando desde lo gregoriano hasta lo contempor\u00e1neo, as\u00ed como su formaci\u00f3n como director de coro.<\/p>\n<p>Particip\u00f3 en 2018 a la gira de <em>Aria Piren\u00e8us<\/em>, en el Pa\u00eds Vasco y en B\u00e9arn, para la cual Michel Fenasse-Amat le confi\u00f3 la direcci\u00f3n musical de los conciertos.[\/vc_column_text][\/vc_column_inner][vc_column_inner width=\u00a0\u00bb1\/2&Prime;][vc_single_image image=\u00a0\u00bb12862&Prime; img_size=\u00a0\u00bbfull\u00a0\u00bb][vc_empty_space]<div class=\"edgtf-title-section-holder\">\n\t\t\t<h3 class=\"edgtf-title-with-dots\" >\n\t\t\tCONJUNTO ORQUESTRAL EN EL PA\u00cdS VASCO\t\t<\/h3>\n\t\t<span class=\"edge-title-separator edge-enable-separator\" ><\/span>\n\n\t<\/div>[vc_column_text]Michel Fenasse-Amat, piano<\/p>\n<p>Laura Bide, acorde\u00f3n<\/p>\n<p>Ekain Cachenaut, txistu<\/p>\n<p>Mandolinas, bandolas y guitarras de la Estudiantina de Ciboure[\/vc_column_text][\/vc_column_inner][\/vc_row_inner][vc_row_inner][vc_column_inner][vc_empty_space][vc_zigzag][vc_empty_space][\/vc_column_inner][\/vc_row_inner][vc_row_inner][vc_column_inner width=\u00a0\u00bb1\/2&Prime;][vc_single_image image=\u00a0\u00bb12698&Prime; img_size=\u00a0\u00bbfull\u00a0\u00bb][vc_empty_space]<div class=\"edgtf-title-section-holder\">\n\t\t\t<h3 class=\"edgtf-title-with-dots\" >\n\t\t\tEl Coro del \u00e1lbum\t\t<\/h3>\n\t\t<span class=\"edge-title-separator edge-enable-separator\" ><\/span>\n\n\t<\/div>[vc_column_text]Coro de Alma Cantoa (coristas de la Regi\u00f3n de Occit\u00e0nia y de Espa\u00f1a)<br \/>\nConjunto vocal Le Diapason Villefranchois (Villefranche-de-Lauragais)[\/vc_column_text][\/vc_column_inner][vc_column_inner width=\u00a0\u00bb1\/2&Prime;][vc_single_image image=\u00a0\u00bb12702&Prime; img_size=\u00a0\u00bbfull\u00a0\u00bb]<div class=\"edgtf-title-section-holder\">\n\t\t\t<h3 class=\"edgtf-title-with-dots\" >\n\t\t\tConjunto de plectros (bandurias, mandolinas, mandolas y guitarras)\t\t<\/h3>\n\t\t<span class=\"edge-title-separator edge-enable-separator\" ><\/span>\n\n\t<\/div>[vc_column_text]Desde que se grab\u00f3 el \u00e1lbum, tres conjuntos instrumentales de cuerdas han formado parte del conjunto orquestal : grupo procedente de la Estudiantina de Saint-Girons (Ari\u00e8ge), Estudiantina d&rsquo;Anglet (Pa\u00eds Vasco), conjunto RondArte de Zaragoza (Arag\u00f3n, Espa\u00f1a).[\/vc_column_text][\/vc_column_inner][\/vc_row_inner][vc_row_inner][vc_column_inner][vc_empty_space][vc_zigzag][vc_empty_space][\/vc_column_inner][\/vc_row_inner][vc_row_inner][vc_column_inner width=\u00a0\u00bb1\/2&Prime;][vc_single_image image=\u00a0\u00bb12876&Prime; img_size=\u00a0\u00bbfull\u00a0\u00bb][vc_empty_space]<div class=\"edgtf-title-section-holder\">\n\t\t\t<h3 class=\"edgtf-title-with-dots\" >\n\t\t\tCOROS DE LOS CONCIERTOS EN OCCITANIA\t\t<\/h3>\n\t\t<span class=\"edge-title-separator edge-enable-separator\" ><\/span>\n\n\t<\/div>[vc_column_text]Coro masculino Asphod\u00e8le (Soual, Tarn)<br \/>\nConjunto vocal Le Diapason Villefranchois (Villefranche-de-Lauragais)<br \/>\nCoro Ultreia (L\u00e9zignan-Corbi\u00e8res)<br \/>\nCoro de Carcassonne \u201cLes Choeurs de Carcasonne\u201d[\/vc_column_text][\/vc_column_inner][vc_column_inner width=\u00a0\u00bb1\/2&Prime;][vc_single_image image=\u00a0\u00bb12736&Prime; img_size=\u00a0\u00bbfull\u00a0\u00bb][vc_empty_space]<div class=\"edgtf-title-section-holder\">\n\t\t\t<h3 class=\"edgtf-title-with-dots\" >\n\t\t\tCONJUNTO ORQUESTRAL DE LOS CONCIERTOS EN OCCITANIA\t\t<\/h3>\n\t\t<span class=\"edge-title-separator edge-enable-separator\" ><\/span>\n\n\t<\/div>[vc_column_text]<\/p>\n<div class=\"wpb_text_column wpb_content_element \">\n<div class=\"wpb_wrapper\">\n<p>V\u00e9ronique Bracco, piano<\/p>\n<p>S\u00e9bastien Lopez, violon<\/p>\n<p>Nathalie Ouradou, violoncelle<\/p>\n<p>Pascal Lawrynowicz, percussions<\/p>\n<p>Eric Rutschle, cor<\/p>\n<\/div>\n<\/div>\n<p>[\/vc_column_text][\/vc_column_inner][\/vc_row_inner][\/vc_column][\/vc_row]<\/p>\n","protected":false},"excerpt":{"rendered":"<p>[vc_row css=\u00a0\u00bb.vc_custom_1522057118294{padding-top: 20px !important;padding-bottom: 30px !important;}\u00a0\u00bb][vc_column width=\u00a0\u00bb1\/2&Prime;][vc_single_image image=\u00a0\u00bb12426&Prime; img_size=\u00a0\u00bbfull\u00a0\u00bb][\/vc_column][vc_column width=\u00a0\u00bb1\/2&Prime;][vc_row_inner][vc_column_inner width=\u00a0\u00bb2\/3&Prime;][vc_column_text]Nacido en Toulouse en 1969, estudi\u00f3 piano y canto en su ciudad natal. Bar\u00edtono, graduado del Conservatorio Regional de M\u00fasica de Burdeos, 3\u00b0 premio europeo de canto l\u00edrico (jurado presidido por la mezzosoprano Viorica Cortez),&#8230;<\/p>\n","protected":false},"author":1,"featured_media":0,"parent":0,"menu_order":0,"comment_status":"closed","ping_status":"closed","template":"","meta":[],"_links":{"self":[{"href":"http:\/\/ariapireneus.com\/index.php\/wp-json\/wp\/v2\/pages\/12753"}],"collection":[{"href":"http:\/\/ariapireneus.com\/index.php\/wp-json\/wp\/v2\/pages"}],"about":[{"href":"http:\/\/ariapireneus.com\/index.php\/wp-json\/wp\/v2\/types\/page"}],"author":[{"embeddable":true,"href":"http:\/\/ariapireneus.com\/index.php\/wp-json\/wp\/v2\/users\/1"}],"replies":[{"embeddable":true,"href":"http:\/\/ariapireneus.com\/index.php\/wp-json\/wp\/v2\/comments?post=12753"}],"version-history":[{"count":7,"href":"http:\/\/ariapireneus.com\/index.php\/wp-json\/wp\/v2\/pages\/12753\/revisions"}],"predecessor-version":[{"id":12901,"href":"http:\/\/ariapireneus.com\/index.php\/wp-json\/wp\/v2\/pages\/12753\/revisions\/12901"}],"wp:attachment":[{"href":"http:\/\/ariapireneus.com\/index.php\/wp-json\/wp\/v2\/media?parent=12753"}],"curies":[{"name":"wp","href":"https:\/\/api.w.org\/{rel}","templated":true}]}}